{"id":2429,"date":"2026-01-20T15:40:53","date_gmt":"2026-01-20T15:40:53","guid":{"rendered":"https:\/\/copernicus.gis.is\/homepage\/?page_id=2429"},"modified":"2026-02-20T14:18:14","modified_gmt":"2026-02-20T14:18:14","slug":"notendathing-hafthjonustu-copernicus-a-islandi","status":"publish","type":"page","link":"https:\/\/copernicus.gis.is\/homepage\/index.php\/home\/hafthjonusta-copernicus\/notendathing-hafthjonustu-copernicus-a-islandi\/","title":{"rendered":"Notenda\u00feing Haf\u00fej\u00f3nustu Copernicus \u00e1 \u00cdslandi"},"content":{"rendered":"\n<div class=\"wp-block-cover alignfull is-light wp-duotone-unset-2\" style=\"min-height:100vh;aspect-ratio:unset;\"><video class=\"wp-block-cover__video-background intrinsic-ignore\" autoplay muted loop playsinline src=\"https:\/\/copernicus.gis.is\/homepage\/wp-content\/uploads\/2025\/08\/Ocean3.mp4\" data-object-fit=\"cover\"><\/video><span aria-hidden=\"true\" class=\"wp-block-cover__background has-background-dim-0 has-background-dim\" style=\"background-color:#FFF\"><\/span><div class=\"wp-block-cover__inner-container is-layout-flow wp-block-cover-is-layout-flow\">\n<p class=\"has-text-align-center has-small-font-size\"><\/p>\n\n\n\n<figure class=\"wp-block-image aligncenter size-large is-resized is-style-default wp-duotone-unset-1\" style=\"margin-top:0;margin-bottom:0\"><img loading=\"lazy\" decoding=\"async\" width=\"1007\" height=\"1024\" src=\"https:\/\/copernicus.gis.is\/homepage\/wp-content\/uploads\/2025\/08\/Logo-1007x1024.png\" alt=\"Credit: Marco Pizzolato\" class=\"wp-image-1570\" style=\"width:737px;height:auto\" srcset=\"https:\/\/copernicus.gis.is\/homepage\/wp-content\/uploads\/2025\/08\/Logo-1007x1024.png 1007w, https:\/\/copernicus.gis.is\/homepage\/wp-content\/uploads\/2025\/08\/Logo-295x300.png 295w, https:\/\/copernicus.gis.is\/homepage\/wp-content\/uploads\/2025\/08\/Logo-768x781.png 768w, https:\/\/copernicus.gis.is\/homepage\/wp-content\/uploads\/2025\/08\/Logo-1511x1536.png 1511w, https:\/\/copernicus.gis.is\/homepage\/wp-content\/uploads\/2025\/08\/Logo.png 1948w\" sizes=\"auto, (max-width: 1007px) 100vw, 1007px\" \/><\/figure>\n<\/div><\/div>\n\n\n\n<h2 class=\"wp-block-heading has-text-align-center\">Notenda\u00feing Haf\u00fej\u00f3nustu Copernicus \u00e1 \u00cdslandi<\/h2>\n\n\n\n<hr class=\"wp-block-separator has-alpha-channel-opacity is-style-dots\"\/>\n\n\n\n<div class=\"wp-block-buttons has-custom-font-size has-x-large-font-size is-content-justification-center is-layout-flex wp-container-core-buttons-is-layout-a89b3969 wp-block-buttons-is-layout-flex\" style=\"border-style:none;border-width:0px;border-radius:0px\">\n<div class=\"wp-block-button is-style-fill\"><a class=\"wp-block-button__link has-foreground-color has-cyan-bluish-gray-background-color has-text-color has-background has-link-color has-text-align-center wp-element-button\" style=\"border-style:none;border-width:0px;border-radius:100px\"><strong>Skr\u00e1ning<\/strong><\/a><\/div>\n<\/div>\n\n\n\n<div class=\"wp-block-group alignwide is-layout-constrained wp-block-group-is-layout-constrained\">\n<div class=\"wp-block-group alignwide is-content-justification-center is-nowrap is-layout-flex wp-container-core-group-is-layout-23441af8 wp-block-group-is-layout-flex\">\n<h4 class=\"wp-block-heading\">Dagsetning:<\/h4>\n\n\n\n<p class=\"has-large-font-size\">19. febr\u00faar 2026<\/p>\n<\/div>\n\n\n\n<div class=\"wp-block-group alignwide is-content-justification-center is-nowrap is-layout-flex wp-container-core-group-is-layout-23441af8 wp-block-group-is-layout-flex\">\n<h4 class=\"wp-block-heading has-text-align-left\">T\u00edmi:<\/h4>\n\n\n\n<p class=\"has-text-align-center has-large-font-size\">12:15 &#8211; 16:30<\/p>\n<\/div>\n<\/div>\n\n\n\n<div class=\"wp-block-group alignwide is-content-justification-center is-nowrap is-layout-flex wp-container-core-group-is-layout-23441af8 wp-block-group-is-layout-flex\">\n<h4 class=\"wp-block-heading\">Sta\u00f0setning:<\/h4>\n\n\n\n<p class=\"has-large-font-size\"><a href=\"https:\/\/sjavarklasinn.is\/\" target=\"_blank\" rel=\"noreferrer noopener\">\u00cdslenski sj\u00e1varklasinn<\/a><\/p>\n<\/div>\n\n\n\n<div class=\"wp-block-group alignwide is-content-justification-center is-nowrap is-layout-flex wp-container-core-group-is-layout-23441af8 wp-block-group-is-layout-flex\">\n<h4 class=\"wp-block-heading\">Heimilisfang:<\/h4>\n\n\n\n<p class=\"has-large-font-size\"><a href=\"https:\/\/maps.app.goo.gl\/mBJM196mhBLJxyQb8\" target=\"_blank\" rel=\"noreferrer noopener\">Grandagar\u00f0ur 16, 101 Reykjav\u00edk Iceland<\/a><\/p>\n<\/div>\n\n\n\n<div class=\"wp-block-group alignwide is-content-justification-center is-nowrap is-layout-flex wp-container-core-group-is-layout-23441af8 wp-block-group-is-layout-flex\">\n<h4 class=\"wp-block-heading\">Tegund vi\u00f0bur\u00f0ar:<\/h4>\n\n\n\n<p class=\"has-large-font-size\">\u00d3keypis vi\u00f0bur\u00f0ur \u00e1 sta\u00f0num og \u00ed streymi<\/p>\n<\/div>\n\n\n\n<div class=\"wp-block-buttons is-content-justification-center is-layout-flex wp-container-core-buttons-is-layout-a89b3969 wp-block-buttons-is-layout-flex\">\n<div class=\"wp-block-button\"><a class=\"wp-block-button__link has-foreground-color has-primary-background-color has-text-color has-background has-link-color has-large-font-size has-text-align-center has-custom-font-size wp-element-button\" href=\"https:\/\/www.youtube.com\/watch?v=evcK-Jg_74w\" style=\"border-top-left-radius:100px;border-top-right-radius:100px;border-bottom-left-radius:100px;border-bottom-right-radius:100px\"><strong>Streymi af vi\u00f0bur\u00f0i<\/strong><\/a><\/div>\n<\/div>\n\n\n\n<h4 class=\"wp-block-heading alignwide has-text-align-center has-x-large-font-size\">Dagskr\u00e1<\/h4>\n\n\n\n<div class=\"wp-block-group is-layout-constrained wp-block-group-is-layout-constrained\">\n<ul class=\"wp-block-list has-medium-font-size\">\n<li class=\"has-pale-cyan-blue-color has-text-color has-link-color wp-elements-fdd4d926ee9546659c4b87a51462edc9\">12:15-13:00&nbsp; \u00cdsbrj\u00f3tur \u2013 standandi h\u00e1degisver\u00f0ur (\u00f3keypis)<\/li>\n\n\n\n<li>13:00-13:10&nbsp; Gestgjafi b\u00fd\u00f0ur f\u00f3lk velkomi\u00f0<\/li>\n\n\n\n<li>13:10-13:45&nbsp; Inngangur a\u00f0 Haf\u00fej\u00f3nustu Copernicus<\/li>\n\n\n\n<li>13:45-14:45&nbsp; \u00edslenskar s\u00fdningar<\/li>\n\n\n\n<li class=\"has-pale-cyan-blue-color has-text-color has-link-color wp-elements-51900218633b27cafcb0238aacb3a74d\">14:45-15:00&nbsp; Kaffihl\u00e9<\/li>\n\n\n\n<li>15:00-15:45&nbsp; D\u00fdf\u00f0u t\u00e1num \u00ed MyOceanViewer<\/li>\n\n\n\n<li>15:45-16:20&nbsp; Gagnvirkur fundur<\/li>\n\n\n\n<li>16:20-16:30&nbsp; Fundarlok<\/li>\n\n\n\n<li class=\"has-pale-cyan-blue-color has-text-color has-link-color wp-elements-fd95b7f66643c607f5a44686bc52e12b\">16:30&nbsp; Hressing og tengslamyndun<\/li>\n<\/ul>\n<\/div>\n\n\n\n<div style=\"height:33px\" aria-hidden=\"true\" class=\"wp-block-spacer\"><\/div>\n\n\n\n<div class=\"wp-block-group is-layout-constrained wp-block-group-is-layout-constrained\">\n<h4 class=\"wp-block-heading alignwide has-text-align-center has-x-large-font-size\">L\u00fdsing<\/h4>\n\n\n\n<p>Notenda\u00feing Haf\u00fej\u00f3nustu Copernicus \u00e1 \u00cdslandi (Copernicus Marine User Forum Iceland) hefst \u00e1 standandi h\u00e1degisver\u00f0i. \u00dear kemur saman \u00edslenska sj\u00e1var- og strandsamf\u00e9lagi\u00f0 til a\u00f0 kynna s\u00e9r g\u00f6gn og \u00fej\u00f3nustu um hafi\u00f0 og til a\u00f0 mi\u00f0la reynslu af \u00fe\u00f6rfum og forgangsatri\u00f0um notenda.<\/p>\n\n\n\n<p>Vi\u00f0bur\u00f0urinn er haldinn \u00ed h\u00fasakynnum \u00cdslenska sj\u00e1varklasans og er markmi\u00f0 hans a\u00f0 tengja saman a\u00f0ila \u00far atvinnul\u00edfi, ranns\u00f3knasamf\u00e9laginu og stj\u00f3rns\u00fdslu me\u00f0 gagnvirkum og \u00e1hugaver\u00f0um eftirmi\u00f0degi.<\/p>\n\n\n\n<p>\u00c1 notenda\u00feinginu<\/p>\n\n\n\n<ul class=\"wp-block-list\">\n<li>ver\u00f0ur kynning \u00e1 Haf\u00fej\u00f3nustu Copernicus og MyOceanViewer kortasj\u00e1nni \u00fear sem eru s\u00fdnd hagn\u00fdt d\u00e6mi sem tengjast \u00edslenskum verkefnum.<\/li>\n\n\n\n<li>ver\u00f0a sta\u00f0bundnar kynningar \u00fear sem s\u00fdnt ver\u00f0ur hvernig ranns\u00f3knastofnanir og fyrirt\u00e6ki nota raung\u00f6gn um hafi\u00f0 \u00ed sinni starfsemi.<\/li>\n\n\n\n<li>ver\u00f0ur gagnvirkur vinnufundur \u00fear sem sko\u00f0u\u00f0 ver\u00f0a mismunandi notkunard\u00e6mi og r\u00e6tt um gagna\u00fe\u00f6rf innan samf\u00e9lagsins.<\/li>\n<\/ul>\n\n\n\n<p>T\u00e6kif\u00e6ri til tengslamyndunar\/tengslamyndana eru fl\u00e9ttu\u00f0 inn \u00ed dagskr\u00e1na og henni l\u00fdkur svo me\u00f0 hressingu og l\u00e9ttum veitingum.<\/p>\n\n\n\n<p>Hvort sem starf \u00feitt tengist haf\u00eds, sj\u00e1varhita, fiskvei\u00f0um, l\u00edfr\u00edki hafsins, siglingum, hafranns\u00f3knum, bl\u00e1a hagkerfinu, e\u00f0a ef \u00fe\u00fa ert einfaldlega forvitin\/n\/\u00f0, \u00fe\u00e1 hvetjum vi\u00f0 \u00feig til a\u00f0 koma og vera me\u00f0 okkur \u00feann 19. febr\u00faar \u00ed \u00cdslenska sj\u00e1varklasanum.<\/p>\n<\/div>\n\n\n\n<hr class=\"wp-block-separator has-alpha-channel-opacity is-style-dots\"\/>\n\n\n\n<figure class=\"wp-block-image size-full is-style-default wp-duotone-unset-3\"><img loading=\"lazy\" decoding=\"async\" width=\"720\" height=\"960\" src=\"https:\/\/copernicus.gis.is\/homepage\/wp-content\/uploads\/2026\/01\/Agenda_CUFI_is3.png\" alt=\"\" class=\"wp-image-2450\" srcset=\"https:\/\/copernicus.gis.is\/homepage\/wp-content\/uploads\/2026\/01\/Agenda_CUFI_is3.png 720w, https:\/\/copernicus.gis.is\/homepage\/wp-content\/uploads\/2026\/01\/Agenda_CUFI_is3-225x300.png 225w\" sizes=\"auto, (max-width: 720px) 100vw, 720px\" \/><\/figure>\n\n\n\n<div style=\"height:74px\" aria-hidden=\"true\" class=\"wp-block-spacer\"><\/div>\n\n\n\n<h2 class=\"wp-block-heading has-text-align-center\">Partners<\/h2>\n\n\n\n<p class=\"has-text-align-center has-large-font-size\">Contributors<\/p>\n\n\n\n<div class=\"wp-block-group alignwide is-content-justification-center is-nowrap is-layout-flex wp-container-core-group-is-layout-23441af8 wp-block-group-is-layout-flex\">\n<figure class=\"wp-block-image size-full wp-duotone-unset-4\"><img loading=\"lazy\" decoding=\"async\" width=\"129\" height=\"129\" src=\"https:\/\/copernicus.gis.is\/homepage\/wp-content\/uploads\/2026\/01\/Iceland-Ocean-Cluster.png\" alt=\"\" class=\"wp-image-2412\"\/><\/figure>\n\n\n\n<figure class=\"wp-block-image size-large is-resized wp-duotone-unset-5\"><img loading=\"lazy\" decoding=\"async\" width=\"1024\" height=\"293\" src=\"https:\/\/copernicus.gis.is\/homepage\/wp-content\/uploads\/2025\/01\/NATT_Main_Logo_EN_Color_RGB_5443x1200px-1024x293.png\" alt=\"\" class=\"wp-image-839\" style=\"width:429px;height:auto\" srcset=\"https:\/\/copernicus.gis.is\/homepage\/wp-content\/uploads\/2025\/01\/NATT_Main_Logo_EN_Color_RGB_5443x1200px-1024x293.png 1024w, https:\/\/copernicus.gis.is\/homepage\/wp-content\/uploads\/2025\/01\/NATT_Main_Logo_EN_Color_RGB_5443x1200px-300x86.png 300w, https:\/\/copernicus.gis.is\/homepage\/wp-content\/uploads\/2025\/01\/NATT_Main_Logo_EN_Color_RGB_5443x1200px-768x220.png 768w, https:\/\/copernicus.gis.is\/homepage\/wp-content\/uploads\/2025\/01\/NATT_Main_Logo_EN_Color_RGB_5443x1200px-1536x440.png 1536w, https:\/\/copernicus.gis.is\/homepage\/wp-content\/uploads\/2025\/01\/NATT_Main_Logo_EN_Color_RGB_5443x1200px-2048x586.png 2048w\" sizes=\"auto, (max-width: 1024px) 100vw, 1024px\" \/><\/figure>\n\n\n\n<figure class=\"wp-block-image size-full is-resized wp-duotone-unset-6\"><img loading=\"lazy\" decoding=\"async\" width=\"1745\" height=\"520\" src=\"https:\/\/copernicus.gis.is\/homepage\/wp-content\/uploads\/2026\/01\/haskoli_isl_blatt_wide-en_1.png\" alt=\"\" class=\"wp-image-2394\" style=\"width:260px;height:auto\" srcset=\"https:\/\/copernicus.gis.is\/homepage\/wp-content\/uploads\/2026\/01\/haskoli_isl_blatt_wide-en_1.png 1745w, https:\/\/copernicus.gis.is\/homepage\/wp-content\/uploads\/2026\/01\/haskoli_isl_blatt_wide-en_1-300x89.png 300w, https:\/\/copernicus.gis.is\/homepage\/wp-content\/uploads\/2026\/01\/haskoli_isl_blatt_wide-en_1-1024x305.png 1024w, https:\/\/copernicus.gis.is\/homepage\/wp-content\/uploads\/2026\/01\/haskoli_isl_blatt_wide-en_1-768x229.png 768w, https:\/\/copernicus.gis.is\/homepage\/wp-content\/uploads\/2026\/01\/haskoli_isl_blatt_wide-en_1-1536x458.png 1536w\" sizes=\"auto, (max-width: 1745px) 100vw, 1745px\" \/><\/figure>\n<\/div>\n\n\n\n<hr class=\"wp-block-separator has-alpha-channel-opacity is-style-dots\"\/>\n\n\n\n<p class=\"has-text-align-center has-large-font-size\">Sponsored by<\/p>\n\n\n\n<div class=\"wp-block-group alignwide is-nowrap is-layout-flex wp-container-core-group-is-layout-6c531013 wp-block-group-is-layout-flex\">\n<figure class=\"wp-block-image size-large wp-duotone-unset-7\"><img loading=\"lazy\" decoding=\"async\" width=\"1024\" height=\"102\" src=\"https:\/\/copernicus.gis.is\/homepage\/wp-content\/uploads\/2026\/01\/CMEMS-Logo-1024x102.png\" alt=\"\" class=\"wp-image-2380\" srcset=\"https:\/\/copernicus.gis.is\/homepage\/wp-content\/uploads\/2026\/01\/CMEMS-Logo-1024x102.png 1024w, https:\/\/copernicus.gis.is\/homepage\/wp-content\/uploads\/2026\/01\/CMEMS-Logo-300x30.png 300w, https:\/\/copernicus.gis.is\/homepage\/wp-content\/uploads\/2026\/01\/CMEMS-Logo-768x77.png 768w, https:\/\/copernicus.gis.is\/homepage\/wp-content\/uploads\/2026\/01\/CMEMS-Logo-1536x153.png 1536w, https:\/\/copernicus.gis.is\/homepage\/wp-content\/uploads\/2026\/01\/CMEMS-Logo-2048x204.png 2048w\" sizes=\"auto, (max-width: 1024px) 100vw, 1024px\" \/><\/figure>\n<\/div>\n\n\n\n<p><\/p>\n","protected":false},"excerpt":{"rendered":"<p>Notenda\u00feing Haf\u00fej\u00f3nustu Copernicus \u00e1 \u00cdslandi Dagsetning: 19. febr\u00faar 2026 T\u00edmi: 12:15 &#8211; 16:30 Sta\u00f0setning: \u00cdslenski sj\u00e1varklasinn Heimilisfang: Grandagar\u00f0ur 16, 101 Reykjav\u00edk Iceland Tegund vi\u00f0bur\u00f0ar: \u00d3keypis vi\u00f0bur\u00f0ur \u00e1 sta\u00f0num og \u00ed streymi Dagskr\u00e1 L\u00fdsing Notenda\u00feing Haf\u00fej\u00f3nustu Copernicus \u00e1 \u00cdslandi (Copernicus Marine User Forum Iceland) hefst \u00e1 standandi h\u00e1degisver\u00f0i. \u00dear kemur saman \u00edslenska sj\u00e1var- og strandsamf\u00e9lagi\u00f0 til [&hellip;]<\/p>\n","protected":false},"author":4,"featured_media":0,"parent":2050,"menu_order":0,"comment_status":"closed","ping_status":"closed","template":"","meta":{"footnotes":""},"class_list":["post-2429","page","type-page","status-publish","hentry"],"_links":{"self":[{"href":"https:\/\/copernicus.gis.is\/homepage\/index.php\/wp-json\/wp\/v2\/pages\/2429","targetHints":{"allow":["GET"]}}],"collection":[{"href":"https:\/\/copernicus.gis.is\/homepage\/index.php\/wp-json\/wp\/v2\/pages"}],"about":[{"href":"https:\/\/copernicus.gis.is\/homepage\/index.php\/wp-json\/wp\/v2\/types\/page"}],"author":[{"embeddable":true,"href":"https:\/\/copernicus.gis.is\/homepage\/index.php\/wp-json\/wp\/v2\/users\/4"}],"replies":[{"embeddable":true,"href":"https:\/\/copernicus.gis.is\/homepage\/index.php\/wp-json\/wp\/v2\/comments?post=2429"}],"version-history":[{"count":5,"href":"https:\/\/copernicus.gis.is\/homepage\/index.php\/wp-json\/wp\/v2\/pages\/2429\/revisions"}],"predecessor-version":[{"id":2562,"href":"https:\/\/copernicus.gis.is\/homepage\/index.php\/wp-json\/wp\/v2\/pages\/2429\/revisions\/2562"}],"up":[{"embeddable":true,"href":"https:\/\/copernicus.gis.is\/homepage\/index.php\/wp-json\/wp\/v2\/pages\/2050"}],"wp:attachment":[{"href":"https:\/\/copernicus.gis.is\/homepage\/index.php\/wp-json\/wp\/v2\/media?parent=2429"}],"curies":[{"name":"wp","href":"https:\/\/api.w.org\/{rel}","templated":true}]}}