{"id":542,"date":"2024-09-13T11:04:45","date_gmt":"2024-09-13T11:04:45","guid":{"rendered":"https:\/\/copernicus.gis.is\/homepage\/?page_id=542"},"modified":"2025-08-07T12:31:30","modified_gmt":"2025-08-07T12:31:30","slug":"e5yhj8h","status":"publish","type":"page","link":"https:\/\/copernicus.gis.is\/homepage\/index.php\/qr0\/e5yhj8h\/","title":{"rendered":"QR5 &#8211; CEMS"},"content":{"rendered":"\n<figure class=\"wp-block-image size-large is-style-default wp-duotone-unset-1\"><img loading=\"lazy\" decoding=\"async\" width=\"1024\" height=\"448\" src=\"https:\/\/copernicus.gis.is\/homepage\/wp-content\/uploads\/2024\/09\/CEMS-logo-text-1024x448.png\" alt=\"\" class=\"wp-image-636\" srcset=\"https:\/\/copernicus.gis.is\/homepage\/wp-content\/uploads\/2024\/09\/CEMS-logo-text-1024x448.png 1024w, https:\/\/copernicus.gis.is\/homepage\/wp-content\/uploads\/2024\/09\/CEMS-logo-text-300x131.png 300w, https:\/\/copernicus.gis.is\/homepage\/wp-content\/uploads\/2024\/09\/CEMS-logo-text-768x336.png 768w, https:\/\/copernicus.gis.is\/homepage\/wp-content\/uploads\/2024\/09\/CEMS-logo-text-1536x672.png 1536w, https:\/\/copernicus.gis.is\/homepage\/wp-content\/uploads\/2024\/09\/CEMS-logo-text.png 1909w\" sizes=\"auto, (max-width: 1024px) 100vw, 1024px\" \/><\/figure>\n\n\n\n<p><img loading=\"lazy\" decoding=\"async\" width=\"46\" height=\"33\" class=\"wp-image-378\" style=\"width: 46px;\" src=\"https:\/\/copernicus.gis.is\/homepage\/wp-content\/uploads\/2024\/08\/EN.png\" alt=\"\"> English below<\/p>\n\n\n\n<figure class=\"wp-block-image size-full wp-duotone-unset-2\"><img loading=\"lazy\" decoding=\"async\" width=\"46\" height=\"33\" src=\"https:\/\/copernicus.gis.is\/homepage\/wp-content\/uploads\/2024\/08\/ISL.png\" alt=\"\" class=\"wp-image-377\"\/><\/figure>\n\n\n\n<p>Til hamingju! ? \u00de\u00fa fannst ney\u00f0arstj\u00f3rnunarkerfi Copernicus (CEMS)!&nbsp;<\/p>\n\n\n\n<p>Leynistafurinn sem \u00fe\u00fa leitar a\u00f0 er:<strong> U <\/strong>\u00a0<\/p>\n\n\n\n<figure class=\"wp-block-image size-full wp-duotone-unset-3\"><img loading=\"lazy\" decoding=\"async\" width=\"1024\" height=\"1024\" src=\"https:\/\/copernicus.gis.is\/homepage\/wp-content\/uploads\/2024\/09\/U.png\" alt=\"\" class=\"wp-image-694\" srcset=\"https:\/\/copernicus.gis.is\/homepage\/wp-content\/uploads\/2024\/09\/U.png 1024w, https:\/\/copernicus.gis.is\/homepage\/wp-content\/uploads\/2024\/09\/U-300x300.png 300w, https:\/\/copernicus.gis.is\/homepage\/wp-content\/uploads\/2024\/09\/U-150x150.png 150w, https:\/\/copernicus.gis.is\/homepage\/wp-content\/uploads\/2024\/09\/U-768x768.png 768w\" sizes=\"auto, (max-width: 1024px) 100vw, 1024px\" \/><figcaption class=\"wp-element-caption\">Credit: Dall-E ChatGPT<\/figcaption><\/figure>\n\n\n\n<p>Safna\u00f0u \u00f6llum st\u00f6funum til a\u00f0 mynda or\u00f0 og nota\u00f0u or\u00f0i\u00f0 til a\u00f0 f\u00e1 ver\u00f0laun \u00e1 s\u00fdningarb\u00e1s N\u00e1tt\u00farufr\u00e6\u00f0istofnunar.&nbsp;<\/p>\n\n\n\n<p>H\u00e9r eru nokkrar skemmtilegar sta\u00f0reyndir um ney\u00f0arstj\u00f3rnunarkerfi Copernicus (CEMS):&nbsp;<\/p>\n\n\n\n<p>CEMS-kerfi\u00f0 hj\u00e1lpar til vi\u00f0 a\u00f0 halda f\u00f3lki \u00f6ruggu me\u00f0 \u00fev\u00ed a\u00f0 fylgjast me\u00f0 h\u00e6ttulegum atbur\u00f0um eins og fl\u00f3\u00f0um, sk\u00f3gareldum og eldgosum. \u00dea\u00f0 notar gervitungl, til d\u00e6mis Sentinel-1 og Sentinel-2, til a\u00f0 taka myndir af j\u00f6r\u00f0inni \u00far geimnum, jafnvel \u00feegar \u00fea\u00f0 er sk\u00fdja\u00f0 e\u00f0a dimmt! \u00deetta hj\u00e1lpar v\u00edsindam\u00f6nnum og vi\u00f0brag\u00f0sa\u00f0ilum a\u00f0 breg\u00f0ast hratt vi\u00f0 \u00feegar eitthva\u00f0 gerist.&nbsp;<\/p>\n\n\n\n<p>\u00c1 \u00cdslandi getur <strong>CEMS<\/strong> (<strong>C<\/strong>opernicus <strong>E<\/strong>mergency <strong>M<\/strong>anagement <strong>S<\/strong>ervice) hj\u00e1lpa\u00f0 vi\u00f0 a\u00f0 fylgjast me\u00f0 eldgosum e\u00f0a sv\u00e6\u00f0um \u00fear sem h\u00e6tta er \u00e1 aurskri\u00f0um. Til d\u00e6mis ef eldfjall byrjar a\u00f0 gj\u00f3sa getur CEMS \u00fatvega\u00f0 kort og g\u00f6gn til a\u00f0 hj\u00e1lpa til vi\u00f0 r\u00fdmingu sv\u00e6\u00f0is og stu\u00f0la a\u00f0 \u00f6ryggi f\u00f3lks. Ef mikill rigning veldur fl\u00f3\u00f0um fylgist CEMS me\u00f0 vatnsh\u00e6\u00f0inni svo vi\u00f0brag\u00f0sa\u00f0ilar geti brug\u00f0ist hra\u00f0ar vi\u00f0.\u00a0<\/p>\n\n\n\n<p>Me\u00f0 CEMS getum vi\u00f0 undirb\u00fai\u00f0 okkur fyrir n\u00e1tt\u00faruhamfarir og hj\u00e1lpa\u00f0 samf\u00e9l\u00f6gum a\u00f0 jafna sig eftir \u00fe\u00e6r. \u00dea\u00f0 er eins og a\u00f0 hafa h\u00f3p ofurhetja \u00ed geimnum sem vaktar okkur og tryggir a\u00f0 vi\u00f0 s\u00e9um \u00f6rugg!&nbsp;<\/p>\n\n\n\n<p>Rannsaka\u00f0u meira til a\u00f0 kynnast \u00fev\u00ed hvernig Copernicus hj\u00e1lpar til vi\u00f0 a\u00f0 vernda f\u00f3lk og n\u00e1tt\u00faru um allan heim! Til d\u00e6mis eiga \u00feurrkar s\u00e9r sta\u00f0 \u00feegar \u00fea\u00f0 rignir e\u00f0a snj\u00f3ar ekki n\u00e6gilega \u00ed langan t\u00edma sem veldur \u00fev\u00ed a\u00f0 \u00e1r og v\u00f6tn \u00feorna upp og pl\u00f6ntur visna. \u00de\u00f3 a\u00f0 venjulega s\u00e9 n\u00f3g af vatni \u00e1 \u00cdslandi geta \u00feurrkar samt haft \u00e1hrif \u00e1 landi\u00f0, s\u00e9rstaklega \u00e1 hl\u00fdrri t\u00edmabilum me\u00f0 minni rigningu. Evr\u00f3pska \u00feurrkav\u00f6ktunarst\u00f6\u00f0in (EDO) fylgist me\u00f0 \u00feurrkum um Evr\u00f3pu me\u00f0 \u00fev\u00ed a\u00f0 nota gervihnattag\u00f6gn til a\u00f0 fylgjast me\u00f0 \u00feurrki \u00ed jar\u00f0vegi og vatnsmagni. \u00deetta hj\u00e1lpar v\u00edsindam\u00f6nnum og b\u00e6ndum a\u00f0 undirb\u00faa sig fyrir \u00feurrka og vernda umhverfi\u00f0. \u00c1 \u00cdslandi fylgist EDO-kerfi\u00f0 me\u00f0 breytingum \u00e1 vatnsbirg\u00f0um til a\u00f0 koma \u00ed veg fyrir ska\u00f0a \u00e1 n\u00e1tt\u00faru og landb\u00fana\u00f0i.&nbsp;<\/p>\n\n\n\n<p>N\u00e1nari uppl\u00fdsingar: <a href=\"https:\/\/emergency.copernicus.eu\">https:\/\/emergency.copernicus.eu<\/a><\/p>\n\n\n\n<div class=\"wp-block-group is-layout-constrained wp-block-group-is-layout-constrained\">\n<iframe loading=\"lazy\" src=\"https:\/\/drought.emergency.copernicus.eu\/tumbo\/edo\/map\/?droughtMapConf=N4IgtiBcoMZQ2gWgIwBYB0rUDYA0BWADnQE4AGE1AXVxAC8pkBfWgIwBspQA7AUwGcATgDMuIAG5RhAQ3b9eLEHyHDWAFzGTIawQFcFtAEIAZAMIB7bhugSps%2BYpjnBASz6a7cgyADW5gA7%2BvNwekDJeirzsvOIAygBKACoAsqHhDo6cNmrmAO7c%2FKE6%2Boq6gqzS3ACCgrzShTZa6d65dWoAFryCsWrSai6WDaBN9t4AJtIAnvzx0m5po4oA5uzSMIILEbSrPgKbDmz1bkO2YYuH%2FG4AIi78Oi4waicjEYpZoPzcueIu%2B94AVvx%2FNIAMx%2FJiOMS1dguXjCEymVb8E68KDFbz%2BWowFz%2BRH1Z6eA4gfhgPHIop6ca3epqLrJSwuHKubhLMmXYSwjaNQneYTOXgwGls8G0cSCYXcs5bEDtSZjQTmCXDHmKWlgXFIglSom1VmasSo7XeGCalwcmBKkCG9GKXJ9LqW62UiG0azACFAA%3D%3D\" width=\"100%\" height=\"800\" frameborder=\"0\"><\/iframe>\n<\/div>\n\n\n\n<div style=\"height:55px\" aria-hidden=\"true\" class=\"wp-block-spacer\"><\/div>\n\n\n\n<figure class=\"wp-block-image size-full wp-duotone-unset-4\"><img loading=\"lazy\" decoding=\"async\" width=\"46\" height=\"33\" src=\"https:\/\/copernicus.gis.is\/homepage\/wp-content\/uploads\/2024\/08\/EN.png\" alt=\"\" class=\"wp-image-378\"\/><\/figure>\n\n\n\n<hr class=\"wp-block-separator has-alpha-channel-opacity is-style-wide\"\/>\n\n\n\n<figure class=\"wp-block-image size-large is-style-default wp-duotone-unset-5\"><img loading=\"lazy\" decoding=\"async\" width=\"1024\" height=\"448\" src=\"https:\/\/copernicus.gis.is\/homepage\/wp-content\/uploads\/2024\/09\/CEMS-logo-text-1024x448.png\" alt=\"\" class=\"wp-image-636\" srcset=\"https:\/\/copernicus.gis.is\/homepage\/wp-content\/uploads\/2024\/09\/CEMS-logo-text-1024x448.png 1024w, https:\/\/copernicus.gis.is\/homepage\/wp-content\/uploads\/2024\/09\/CEMS-logo-text-300x131.png 300w, https:\/\/copernicus.gis.is\/homepage\/wp-content\/uploads\/2024\/09\/CEMS-logo-text-768x336.png 768w, https:\/\/copernicus.gis.is\/homepage\/wp-content\/uploads\/2024\/09\/CEMS-logo-text-1536x672.png 1536w, https:\/\/copernicus.gis.is\/homepage\/wp-content\/uploads\/2024\/09\/CEMS-logo-text.png 1909w\" sizes=\"auto, (max-width: 1024px) 100vw, 1024px\" \/><\/figure>\n\n\n\n<p><strong>Congratulations!<\/strong> ? You\u2019ve found the Copernicus Emergency Management Service (CEMS)!<\/p>\n\n\n\n<p>The secret letter you are looking for is: U<\/p>\n\n\n\n<figure class=\"wp-block-image size-full wp-duotone-unset-6\"><img loading=\"lazy\" decoding=\"async\" width=\"1024\" height=\"1024\" src=\"https:\/\/copernicus.gis.is\/homepage\/wp-content\/uploads\/2024\/09\/U.png\" alt=\"\" class=\"wp-image-694\" srcset=\"https:\/\/copernicus.gis.is\/homepage\/wp-content\/uploads\/2024\/09\/U.png 1024w, https:\/\/copernicus.gis.is\/homepage\/wp-content\/uploads\/2024\/09\/U-300x300.png 300w, https:\/\/copernicus.gis.is\/homepage\/wp-content\/uploads\/2024\/09\/U-150x150.png 150w, https:\/\/copernicus.gis.is\/homepage\/wp-content\/uploads\/2024\/09\/U-768x768.png 768w\" sizes=\"auto, (max-width: 1024px) 100vw, 1024px\" \/><figcaption class=\"wp-element-caption\">Credit: Dall-E ChatGPT<\/figcaption><\/figure>\n\n\n\n<p>Collect all the letters to form a word and use the word to get your reward at the booth from N\u00e1tt\u00farufr\u00e6\u00f0istofnun.<\/p>\n\n\n\n<p>Here some cool things about the Copernicus Emergency Management Service (CEMS):<\/p>\n\n\n\n<p>CEMS helps keep people safe by tracking dangerous events like <strong>floods, wildfires<\/strong>, and <strong>volcanic eruptions<\/strong>. It uses satellites like <strong>Sentinel-1<\/strong> and <strong>Sentinel-2<\/strong> to take pictures of Earth from space, even when it\u2019s cloudy or dark! This helps scientists and emergency workers respond quickly when something happens.<\/p>\n\n\n\n<p>In Iceland, CEMS can help with <strong>volcanic eruptions<\/strong> or monitor areas at risk of <strong>landslides<\/strong>. For example, if a volcano starts to erupt, CEMS can provide maps and data to help people evacuate and stay safe. If heavy rain causes floods, CEMS tracks the water levels so that emergency teams can respond faster.<\/p>\n\n\n\n<p>With CEMS, we can prepare for <strong>natural disasters<\/strong> and <strong>help communities recover<\/strong> afterward. It\u2019s like having a team of superheroes in space watching over us, making sure we stay safe!<\/p>\n\n\n\n<p>Explore more to see how Copernicus helps protect people and nature around the world! For example: <strong>Droughts<\/strong> happen when there\u2019s not enough rain or snow for a long time, causing rivers and lakes to dry up and plants to wither. Even though Iceland usually has plenty of water, droughts can still affect the land, especially during warmer periods with less rain. The <strong>European Drought Observatory (EDO)<\/strong> helps track droughts across Europe by using satellite data to monitor soil dryness and water levels. This helps scientists and farmers prepare for droughts and protect the environment. In Iceland, the EDO keeps an eye on changes in water availability to help prevent damage to nature and farming.<\/p>\n\n\n\n<p>Find out more: <a href=\"https:\/\/emergency.copernicus.eu\/\">https:\/\/emergency.copernicus.eu\/<\/a><\/p>\n","protected":false},"excerpt":{"rendered":"<p>English below Til hamingju! ? \u00de\u00fa fannst ney\u00f0arstj\u00f3rnunarkerfi Copernicus (CEMS)!&nbsp; Leynistafurinn sem \u00fe\u00fa leitar a\u00f0 er: U \u00a0 Safna\u00f0u \u00f6llum st\u00f6funum til a\u00f0 mynda or\u00f0 og nota\u00f0u or\u00f0i\u00f0 til a\u00f0 f\u00e1 ver\u00f0laun \u00e1 s\u00fdningarb\u00e1s N\u00e1tt\u00farufr\u00e6\u00f0istofnunar.&nbsp; H\u00e9r eru nokkrar skemmtilegar sta\u00f0reyndir um ney\u00f0arstj\u00f3rnunarkerfi Copernicus (CEMS):&nbsp; CEMS-kerfi\u00f0 hj\u00e1lpar til vi\u00f0 a\u00f0 halda f\u00f3lki \u00f6ruggu me\u00f0 \u00fev\u00ed a\u00f0 [&hellip;]<\/p>\n","protected":false},"author":2,"featured_media":0,"parent":517,"menu_order":0,"comment_status":"closed","ping_status":"closed","template":"wp-custom-template-qr-code-page","meta":{"footnotes":""},"class_list":["post-542","page","type-page","status-publish","hentry"],"_links":{"self":[{"href":"https:\/\/copernicus.gis.is\/homepage\/index.php\/wp-json\/wp\/v2\/pages\/542","targetHints":{"allow":["GET"]}}],"collection":[{"href":"https:\/\/copernicus.gis.is\/homepage\/index.php\/wp-json\/wp\/v2\/pages"}],"about":[{"href":"https:\/\/copernicus.gis.is\/homepage\/index.php\/wp-json\/wp\/v2\/types\/page"}],"author":[{"embeddable":true,"href":"https:\/\/copernicus.gis.is\/homepage\/index.php\/wp-json\/wp\/v2\/users\/2"}],"replies":[{"embeddable":true,"href":"https:\/\/copernicus.gis.is\/homepage\/index.php\/wp-json\/wp\/v2\/comments?post=542"}],"version-history":[{"count":6,"href":"https:\/\/copernicus.gis.is\/homepage\/index.php\/wp-json\/wp\/v2\/pages\/542\/revisions"}],"predecessor-version":[{"id":743,"href":"https:\/\/copernicus.gis.is\/homepage\/index.php\/wp-json\/wp\/v2\/pages\/542\/revisions\/743"}],"up":[{"embeddable":true,"href":"https:\/\/copernicus.gis.is\/homepage\/index.php\/wp-json\/wp\/v2\/pages\/517"}],"wp:attachment":[{"href":"https:\/\/copernicus.gis.is\/homepage\/index.php\/wp-json\/wp\/v2\/media?parent=542"}],"curies":[{"name":"wp","href":"https:\/\/api.w.org\/{rel}","templated":true}]}}