{"id":888,"date":"2025-01-20T15:00:37","date_gmt":"2025-01-20T15:00:37","guid":{"rendered":"https:\/\/copernicus.gis.is\/homepage\/?page_id=888"},"modified":"2025-08-07T12:32:32","modified_gmt":"2025-08-07T12:32:32","slug":"hakkathon-2025","status":"publish","type":"page","link":"https:\/\/copernicus.gis.is\/homepage\/index.php\/home\/hakkathon-2025\/","title":{"rendered":"Copernicus Ocean Hakka\u00feon 2025"},"content":{"rendered":"\n<figure class=\"wp-block-image size-full is-resized wp-duotone-unset-1\"><img loading=\"lazy\" decoding=\"async\" width=\"600\" height=\"600\" src=\"https:\/\/copernicus.gis.is\/homepage\/wp-content\/uploads\/2025\/01\/Blink.gif\" alt=\"\" class=\"wp-image-853\" style=\"width:650px;height:auto\"\/><\/figure>\n\n\n\n<hr class=\"wp-block-separator has-alpha-channel-opacity is-style-dots\"\/>\n\n\n\n<div class=\"wp-block-buttons has-custom-font-size has-x-large-font-size is-content-justification-center is-layout-flex wp-container-core-buttons-is-layout-a89b3969 wp-block-buttons-is-layout-flex\" style=\"border-style:none;border-width:0px;border-radius:0px\">\n<div class=\"wp-block-button is-style-fill\"><a class=\"wp-block-button__link has-text-align-center wp-element-button\" href=\"https:\/\/www.eventbrite.com\/e\/copernicus-hackathon-tickets-1143907751879?aff=oddtdtcreator\" style=\"border-style:none;border-width:0px;border-radius:100px\"><strong><strong>Skr\u00e1\u00f0u \u00feig h\u00e9r<\/strong><\/strong><\/a><\/div>\n<\/div>\n\n\n\n<h2 class=\"wp-block-heading has-text-align-center\">\u00c1skorun<\/h2>\n\n\n\n<p>Taktu \u00fe\u00e1tt \u00ed spennandi helgi, 7.\u20139. febr\u00faar 2025, fullri af n\u00fdsk\u00f6pun og samvinnu \u00e1 <strong>Hakka\u00feoni Copernicus Ocean 2025<\/strong>! Hakka\u00feoni\u00f0 b\u00fd\u00f0ur upp \u00e1 einstakt t\u00e6kif\u00e6ri til a\u00f0 takast \u00e1 vi\u00f0 raunverulegar \u00e1skoranir me\u00f0 notkun gagna og \u00fej\u00f3nustu fr\u00e1 Copernicus. Hvort sem \u00fe\u00fa ert nemandi, starfar \u00ed sprotafyrirt\u00e6ki e\u00f0a hefur einfaldlega \u00e1huga \u00e1 a\u00f0 \u00fer\u00f3a lausnir, mun \u00feetta gefa \u00fe\u00e9r t\u00e6kif\u00e6ri til a\u00f0 vinna a\u00f0 verkefnum sem geta hj\u00e1lpa\u00f0 \u00edslenskum fyrirt\u00e6kjum og stj\u00f3rnv\u00f6ldum a\u00f0 fylgjast betur me\u00f0 hafi og strandsv\u00e6\u00f0um, og stu\u00f0la \u00feannig a\u00f0 sj\u00e1lfb\u00e6rri framt\u00ed\u00f0.&nbsp;<\/p>\n\n\n\n<p>Vi\u00f0 opnunarath\u00f6fnina, sem fer fram <strong>f\u00f6studaginn 7. febr\u00faar klukkan 17:00<\/strong>, munum vi\u00f0 veita inns\u00fdn \u00ed hvernig n\u00fdta m\u00e1 \u00feessi h\u00e1\u00fer\u00f3u\u00f0u g\u00f6gn til a\u00f0 m\u00e6ta br\u00fdnum sta\u00f0bundnum \u00e1skorunum. Vertu endilega me\u00f0!&nbsp;<\/p>\n\n\n\n<p>Af hverju \u00e6ttir\u00f0u a\u00f0 taka \u00fe\u00e1tt?&nbsp;<\/p>\n\n\n\n<ul class=\"wp-block-list\">\n<li>T\u00e6kif\u00e6ri til a\u00f0 hafa raunveruleg \u00e1hrif \u00e1 eftirlit me\u00f0 hafi og strandsv\u00e6\u00f0um landsins.&nbsp;<\/li>\n<\/ul>\n\n\n\n<ul class=\"wp-block-list\">\n<li>T\u00e6kif\u00e6ri til a\u00f0 kynnast frumkv\u00f6\u00f0lum og s\u00e9rfr\u00e6\u00f0ingum \u00far bl\u00e1a hagkerfinu og t\u00e6knigeiranum.&nbsp;<\/li>\n<\/ul>\n\n\n\n<ul class=\"wp-block-list\">\n<li>T\u00e6kif\u00e6ri til a\u00f0 s\u00fdna f\u00e6rni \u00fe\u00edna fyrir m\u00f6gulegum samstarfsa\u00f0ilum og styrktara\u00f0ilum.&nbsp;<\/li>\n<\/ul>\n\n\n\n<ul class=\"wp-block-list\">\n<li>Taktu \u00fe\u00e1tt \u00ed spennandi keppni me\u00f0 gl\u00e6silegum ver\u00f0launum og f\u00e1\u00f0u vi\u00f0urkenningu \u00e1 svi\u00f0i t\u00e6kni og umhverfism\u00e1la.&nbsp;<\/li>\n<\/ul>\n\n\n\n<p>\u00dea\u00f0 skiptir engu m\u00e1li hva\u00f0an \u00fe\u00fa kemur e\u00f0a hva\u00f0 bakgrunnur \u00feinn er, hugmyndir \u00fe\u00ednar geta m\u00f3ta\u00f0 framt\u00ed\u00f0ina. Vertu me\u00f0 og umbreyttu g\u00f6gnum \u00ed ver\u00f0m\u00e6ti!&nbsp;<\/p>\n\n\n\n<figure class=\"wp-block-image size-large is-style-rounded wp-duotone-unset-2\"><img loading=\"lazy\" decoding=\"async\" width=\"1024\" height=\"649\" src=\"https:\/\/copernicus.gis.is\/homepage\/wp-content\/uploads\/2024\/06\/SH4A7124-1024x649.jpg\" alt=\"\" class=\"wp-image-65\" srcset=\"https:\/\/copernicus.gis.is\/homepage\/wp-content\/uploads\/2024\/06\/SH4A7124-1024x649.jpg 1024w, https:\/\/copernicus.gis.is\/homepage\/wp-content\/uploads\/2024\/06\/SH4A7124-300x190.jpg 300w, https:\/\/copernicus.gis.is\/homepage\/wp-content\/uploads\/2024\/06\/SH4A7124-768x486.jpg 768w, https:\/\/copernicus.gis.is\/homepage\/wp-content\/uploads\/2024\/06\/SH4A7124-1536x973.jpg 1536w, https:\/\/copernicus.gis.is\/homepage\/wp-content\/uploads\/2024\/06\/SH4A7124-2048x1297.jpg 2048w\" sizes=\"auto, (max-width: 1024px) 100vw, 1024px\" \/><\/figure>\n\n\n\n<h2 class=\"wp-block-heading has-text-align-center\">Uppl\u00fdsingar<\/h2>\n\n\n\n<p class=\"has-text-align-center\"><strong>Hefst:<\/strong> \u00deann 7. febr\u00faar 2025 kl: 17:00 (GMT)<\/p>\n\n\n\n<p class=\"has-text-align-center\"><strong>Sta\u00f0setning:<\/strong> H\u00e1sk\u00f3linn \u00ed Reykjav\u00edk og \u00e1 netinu<\/p>\n\n\n\n<div data-wp-interactive=\"core\/file\" class=\"wp-block-file alignwide\" style=\"border-radius:0px\"><object data-wp-bind--hidden=\"!state.hasPdfPreview\" hidden class=\"wp-block-file__embed\" data=\"https:\/\/copernicus.gis.is\/homepage\/wp-content\/uploads\/2025\/01\/Copernicus-Hackathon-Timeline.pdf\" type=\"application\/pdf\" style=\"width:100%;height:1000px\" aria-label=\"Embed of Copernicus Hackathon Timeline.\"><\/object><a id=\"wp-block-file--media-41f151b4-f68c-49ad-9cfe-834d557bb3d6\" href=\"https:\/\/copernicus.gis.is\/homepage\/wp-content\/uploads\/2025\/01\/Copernicus-Hackathon-Timeline.pdf\" target=\"_blank\" rel=\"noreferrer noopener\">Copernicus Hackathon Timeline<\/a><\/div>\n\n\n\n<div class=\"wp-block-buttons has-custom-font-size has-x-large-font-size is-content-justification-center is-layout-flex wp-container-core-buttons-is-layout-a89b3969 wp-block-buttons-is-layout-flex\" style=\"border-style:none;border-width:0px;border-radius:0px\">\n<div class=\"wp-block-button is-style-fill\"><a class=\"wp-block-button__link has-text-align-center wp-element-button\" href=\"https:\/\/www.eventbrite.com\/e\/copernicus-hackathon-tickets-1143907751879?aff=oddtdtcreator\" style=\"border-style:none;border-width:0px;border-radius:100px\"><strong>Skr\u00e1\u00f0u \u00feig h\u00e9r<\/strong><\/a><\/div>\n<\/div>\n\n\n\n<p class=\"has-text-align-center\">Ums\u00f3knafresti l\u00fdkur \u00e1 mi\u00f0n\u00e6tti f\u00f6studaginn 7. febr\u00faar 2025.<\/p>\n\n\n\n<hr class=\"wp-block-separator has-alpha-channel-opacity is-style-dots\"\/>\n\n\n\n<h2 class=\"wp-block-heading has-text-align-center\">T\u00edmal\u00edna<\/h2>\n\n\n\n<figure class=\"wp-block-image alignwide size-large wp-duotone-unset-3\"><img loading=\"lazy\" decoding=\"async\" width=\"1024\" height=\"143\" src=\"https:\/\/copernicus.gis.is\/homepage\/wp-content\/uploads\/2025\/01\/Timeline_4_is-1024x143.png\" alt=\"\" class=\"wp-image-900\" srcset=\"https:\/\/copernicus.gis.is\/homepage\/wp-content\/uploads\/2025\/01\/Timeline_4_is-1024x143.png 1024w, https:\/\/copernicus.gis.is\/homepage\/wp-content\/uploads\/2025\/01\/Timeline_4_is-300x42.png 300w, https:\/\/copernicus.gis.is\/homepage\/wp-content\/uploads\/2025\/01\/Timeline_4_is-768x107.png 768w, https:\/\/copernicus.gis.is\/homepage\/wp-content\/uploads\/2025\/01\/Timeline_4_is-1536x214.png 1536w, https:\/\/copernicus.gis.is\/homepage\/wp-content\/uploads\/2025\/01\/Timeline_4_is-2048x286.png 2048w\" sizes=\"auto, (max-width: 1024px) 100vw, 1024px\" \/><\/figure>\n\n\n\n<figure class=\"wp-block-table alignwide\"><table class=\"has-fixed-layout\"><tbody><tr><td class=\"has-text-align-center\" data-align=\"center\"><strong>Hva\u00f0<\/strong><\/td><td class=\"has-text-align-center\" data-align=\"center\"><strong>Hven\u00e6r<\/strong><\/td><td class=\"has-text-align-center\" data-align=\"center\"><strong>Dagur<\/strong><\/td><\/tr><tr><td class=\"has-text-align-center\" data-align=\"center\">Opnunarh\u00e1ti\u00f0<\/td><td class=\"has-text-align-center\" data-align=\"center\">17:00 GMT &#8211; 18:00 GMT<\/td><td class=\"has-text-align-center\" data-align=\"center\">F\u00f6studagur 7 febr\u00faar<\/td><\/tr><tr><td class=\"has-text-align-center\" data-align=\"center\">L\u00e9ttar veitingar, H\u00f3pefli<\/td><td class=\"has-text-align-center\" data-align=\"center\">18:00 GMT &#8211; 19:00 GMT<\/td><td class=\"has-text-align-center\" data-align=\"center\">F\u00f6studagur 7 febr\u00faar<\/td><\/tr><tr><td class=\"has-text-align-center\" data-align=\"center\">Hakka og finna lausnir<\/td><td class=\"has-text-align-center\" data-align=\"center\">from 19:00 GMT<\/td><td class=\"has-text-align-center\" data-align=\"center\">F\u00f6studagur 7 febr\u00faar til<br>Sunnudagur 9 febr\u00faar<\/td><\/tr><tr><td class=\"has-text-align-center\" data-align=\"center\">Kynningar \u00e1 verkefnum<\/td><td class=\"has-text-align-center\" data-align=\"center\">16:00 GMT &#8211; 17:00 GMT<\/td><td class=\"has-text-align-center\" data-align=\"center\">Sunnudagur 9 febr\u00faar<\/td><\/tr><tr><td class=\"has-text-align-center\" data-align=\"center\">Ver\u00f0launarafhending<\/td><td class=\"has-text-align-center\" data-align=\"center\">18:00 GMT &#8211; 18:30 GMT<\/td><td class=\"has-text-align-center\" data-align=\"center\">Sunnudagur 9 febr\u00faar<\/td><\/tr><\/tbody><\/table><\/figure>\n\n\n\n<div class=\"wp-block-columns is-layout-flex wp-container-core-columns-is-layout-28f84493 wp-block-columns-is-layout-flex\">\n<div class=\"wp-block-column is-layout-flow wp-block-column-is-layout-flow\">\n<div class=\"wp-block-buttons is-layout-flex wp-block-buttons-is-layout-flex\" style=\"border-radius:0px\">\n<div class=\"wp-block-button\"><a class=\"wp-block-button__link wp-element-button\" href=\"https:\/\/calendar.google.com\/calendar\/u\/0\/r\/eventedit?text=Copernicus+Ocean+Hackathon+2025&amp;dates=20250207T170000Z\/20250209T190000Z&amp;details=Join+the+Copernicus+Ocean+Hackathon+2025+to+use+Copernicus+data+to+solve+maritime+and+fishing+challenges+in+Iceland.+For+more+details,+visit+https:\/\/copernicus.gis.is\/homepage\/index.php\/hackathon-2025\/%0A%0ASchedule:%0A%0A*+Opening+Ceremony+-+17:00+GMT+-+18:00+GMT+Friday+7th+February%0A*+Snack,+Networking+%26+Team+Building+-+18:00+GMT+-+19:00+GMT+Friday+7th+February%0A*+Hack+and+Find+Solutions+-+From+19:00+GMT+Friday+7th+February+to+Sunday+9th+of+February%0A*+Present+Your+Project+-+17:00+GMT+Sunday+9th+of+February%0A*+Award+Ceremony+-+18:00+GMT+Sunday+9th+of+February%0A%0AEvent+Location:+Reykjavik+University,+Menntavegur+1,+102,+101+Reykjavik,+Iceland.+Map:+https:\/\/maps.app.goo.gl\/upQq4K6DHdr2BTjt6&amp;location=Reykjavik+University,+Menntavegur+1,+102,+101+Reykjavik,+Iceland&amp;pli=1\" style=\"border-radius:100px\" target=\"_blank\" rel=\"noreferrer noopener\"><strong>B\u00e6ta vi\u00f0 Google Calendar<\/strong><\/a><\/div>\n<\/div>\n<\/div>\n\n\n\n<div class=\"wp-block-column is-layout-flow wp-block-column-is-layout-flow\">\n<div class=\"wp-block-buttons is-layout-flex wp-block-buttons-is-layout-flex\">\n<div class=\"wp-block-button\"><a class=\"wp-block-button__link wp-element-button\" href=\"https:\/\/copernicus.gis.is\/homepage\/wp-content\/uploads\/2025\/01\/Copernicus-Ocean-Hackathon-2025.ics\" style=\"border-radius:100px\"><strong>B\u00e6ta vi\u00f0 Outlook Calendar<\/strong><\/a><\/div>\n<\/div>\n<\/div>\n<\/div>\n\n\n\n<hr class=\"wp-block-separator alignwide has-alpha-channel-opacity is-style-dots\"\/>\n\n\n\n<h2 class=\"wp-block-heading has-text-align-center\">Sta\u00f0setning<\/h2>\n\n\n\n<p class=\"has-text-align-center has-large-font-size\">H\u00e1sk\u00f3linn \u00ed Reykjav\u00edk<\/p>\n\n\n\n<p class=\"has-text-align-center\">Menntavegur 1, 102 Reykjav\u00edk, Iceland<\/p>\n\n\n\n<div class=\"wp-block-buttons is-content-justification-center is-layout-flex wp-container-core-buttons-is-layout-a89b3969 wp-block-buttons-is-layout-flex\">\n<div class=\"wp-block-button\"><a class=\"wp-block-button__link wp-element-button\" href=\"https:\/\/maps.app.goo.gl\/1bnHvLmgb4gjgY7W7\" style=\"border-radius:100px\"><strong>Google Maps Lei\u00f0s\u00f6gu<\/strong><\/a><\/div>\n<\/div>\n\n\n\n<div style=\"height:50px\" aria-hidden=\"true\" class=\"wp-block-spacer\"><\/div>\n\n\n\n<figure class=\"wp-block-image size-large is-style-rounded wp-duotone-unset-4\"><a href=\"https:\/\/maps.app.goo.gl\/1bnHvLmgb4gjgY7W7\"><img loading=\"lazy\" decoding=\"async\" width=\"1024\" height=\"723\" src=\"https:\/\/copernicus.gis.is\/homepage\/wp-content\/uploads\/2025\/01\/RU_Loc-1024x723.png\" alt=\"\" class=\"wp-image-841\" srcset=\"https:\/\/copernicus.gis.is\/homepage\/wp-content\/uploads\/2025\/01\/RU_Loc-1024x723.png 1024w, https:\/\/copernicus.gis.is\/homepage\/wp-content\/uploads\/2025\/01\/RU_Loc-300x212.png 300w, https:\/\/copernicus.gis.is\/homepage\/wp-content\/uploads\/2025\/01\/RU_Loc-768x542.png 768w, https:\/\/copernicus.gis.is\/homepage\/wp-content\/uploads\/2025\/01\/RU_Loc.png 1091w\" sizes=\"auto, (max-width: 1024px) 100vw, 1024px\" \/><\/a><\/figure>\n\n\n\n<hr class=\"wp-block-separator has-alpha-channel-opacity is-style-dots\"\/>\n\n\n\n<h2 class=\"wp-block-heading has-text-align-center\">Rafr\u00e6n \u00fe\u00e1tttaka<\/h2>\n\n\n\n<div class=\"wp-block-buttons has-custom-font-size has-x-large-font-size is-content-justification-center is-layout-flex wp-container-core-buttons-is-layout-a89b3969 wp-block-buttons-is-layout-flex\" style=\"border-style:none;border-width:0px;border-radius:0px\">\n<div class=\"wp-block-button has-custom-font-size is-style-fill has-large-font-size\"><a class=\"wp-block-button__link has-text-align-center wp-element-button\" href=\"https:\/\/www.eventbrite.com\/e\/copernicus-hackathon-tickets-1143907751879?aff=oddtdtcreator\" style=\"border-style:none;border-width:0px;border-radius:100px\"><strong>Skr\u00e1\u00f0u \u00feig h\u00e9r<\/strong><\/a><\/div>\n<\/div>\n\n\n\n<div style=\"height:15px\" aria-hidden=\"true\" class=\"wp-block-spacer\"><\/div>\n\n\n\n<p class=\"has-text-align-center\">Hlekkur fyrir streymi, f\u00f6studaginn 7. febr\u00faar kl: 17:00!<\/p>\n\n\n\n<div class=\"wp-block-buttons has-custom-font-size has-large-font-size is-content-justification-center is-layout-flex wp-container-core-buttons-is-layout-a89b3969 wp-block-buttons-is-layout-flex\">\n<div class=\"wp-block-button has-custom-font-size has-x-large-font-size\"><a class=\"wp-block-button__link wp-element-button\" href=\"https:\/\/youtube.com\/live\/dhL5Z570AEc?feature=share\" style=\"border-radius:100px\" target=\"_blank\" rel=\"noreferrer noopener\"><strong>Streymi<\/strong><\/a><\/div>\n<\/div>\n\n\n\n<p class=\"has-text-align-center\">Hlekkurinn ver\u00f0ur a\u00f0gengilegur fr\u00e1 kl 16:45,&nbsp; f\u00f6studaginn 7. febr\u00faar.<\/p>\n\n\n\n<p class=\"has-text-align-center\">\u00dear ver\u00f0ur fari\u00f0 yfir n\u00e1nari uppl\u00fdsingar fyrir Hakka\u00feoni\u00f0.<\/p>\n\n\n\n<p class=\"has-text-align-center\">Ef \u00fe\u00fa hefur einhverjar spurningar ekki hika vi\u00f0 a\u00f0 hafa samband:<\/p>\n\n\n\n<div class=\"wp-block-buttons is-content-justification-center is-layout-flex wp-container-core-buttons-is-layout-a89b3969 wp-block-buttons-is-layout-flex\">\n<div class=\"wp-block-button\"><a class=\"wp-block-button__link wp-element-button\" href=\"mailto:oddur@sjavarklasinn.is\" style=\"border-radius:100px\" target=\"_blank\" rel=\"noreferrer noopener\"><strong>Haf\u00f0u samband<\/strong><\/a><\/div>\n<\/div>\n\n\n\n<hr class=\"wp-block-separator has-alpha-channel-opacity is-style-dots\"\/>\n\n\n\n<h2 class=\"wp-block-heading has-text-align-center\">Samstarfsa\u00f0ilar<\/h2>\n\n\n\n<p class=\"has-text-align-center has-x-large-font-size\">Skipuleggjandur<\/p>\n\n\n\n<div class=\"wp-block-columns alignwide are-vertically-aligned-center is-layout-flex wp-container-core-columns-is-layout-28f84493 wp-block-columns-is-layout-flex\">\n<div class=\"wp-block-column is-vertically-aligned-center is-layout-flow wp-block-column-is-layout-flow\">\n<figure class=\"wp-block-image size-full is-resized wp-duotone-unset-5\"><img loading=\"lazy\" decoding=\"async\" width=\"5444\" height=\"1201\" src=\"https:\/\/copernicus.gis.is\/homepage\/wp-content\/uploads\/2025\/01\/NATT_Main_Logo_IS_Color_RGB_5443x1200px.png\" alt=\"\" class=\"wp-image-835\" style=\"object-fit:contain;width:294px;height:100px\" srcset=\"https:\/\/copernicus.gis.is\/homepage\/wp-content\/uploads\/2025\/01\/NATT_Main_Logo_IS_Color_RGB_5443x1200px.png 5444w, https:\/\/copernicus.gis.is\/homepage\/wp-content\/uploads\/2025\/01\/NATT_Main_Logo_IS_Color_RGB_5443x1200px-300x66.png 300w, https:\/\/copernicus.gis.is\/homepage\/wp-content\/uploads\/2025\/01\/NATT_Main_Logo_IS_Color_RGB_5443x1200px-1024x226.png 1024w, https:\/\/copernicus.gis.is\/homepage\/wp-content\/uploads\/2025\/01\/NATT_Main_Logo_IS_Color_RGB_5443x1200px-768x169.png 768w, https:\/\/copernicus.gis.is\/homepage\/wp-content\/uploads\/2025\/01\/NATT_Main_Logo_IS_Color_RGB_5443x1200px-1536x339.png 1536w, https:\/\/copernicus.gis.is\/homepage\/wp-content\/uploads\/2025\/01\/NATT_Main_Logo_IS_Color_RGB_5443x1200px-2048x452.png 2048w\" sizes=\"auto, (max-width: 5444px) 100vw, 5444px\" \/><\/figure>\n<\/div>\n\n\n\n<div class=\"wp-block-column is-vertically-aligned-center is-layout-flow wp-block-column-is-layout-flow\">\n<figure class=\"wp-block-image aligncenter size-full is-resized wp-duotone-unset-6\"><a href=\"https:\/\/startupiceland.com\/\" target=\"_blank\" rel=\" noreferrer noopener\"><img loading=\"lazy\" decoding=\"async\" width=\"238\" height=\"160\" src=\"https:\/\/copernicus.gis.is\/homepage\/wp-content\/uploads\/2025\/01\/StartupIceland.png\" alt=\"\" class=\"wp-image-826\" style=\"width:auto;height:100px\"\/><\/a><\/figure>\n<\/div>\n\n\n\n<div class=\"wp-block-column is-vertically-aligned-center is-layout-flow wp-block-column-is-layout-flow\">\n<figure class=\"wp-block-image aligncenter size-full is-resized wp-duotone-unset-7\"><a href=\"https:\/\/sjavarklasinn.is\/\" target=\"_blank\" rel=\" noreferrer noopener\"><img loading=\"lazy\" decoding=\"async\" width=\"98\" height=\"97\" src=\"https:\/\/copernicus.gis.is\/homepage\/wp-content\/uploads\/2025\/01\/OceanCluster.png\" alt=\"\" class=\"wp-image-828\" style=\"width:auto;height:100px\"\/><\/a><\/figure>\n<\/div>\n<\/div>\n\n\n\n<div class=\"wp-block-columns alignwide is-layout-flex wp-container-core-columns-is-layout-28f84493 wp-block-columns-is-layout-flex\">\n<div class=\"wp-block-column is-layout-flow wp-block-column-is-layout-flow\">\n<figure class=\"wp-block-image size-full is-resized wp-duotone-unset-8\"><a href=\"https:\/\/www.ru.is\/\" target=\"_blank\" rel=\" noreferrer noopener\"><img loading=\"lazy\" decoding=\"async\" width=\"600\" height=\"175\" src=\"https:\/\/copernicus.gis.is\/homepage\/wp-content\/uploads\/2025\/01\/RU.jpg\" alt=\"\" class=\"wp-image-845\" style=\"object-fit:contain;width:285px;height:100px\" srcset=\"https:\/\/copernicus.gis.is\/homepage\/wp-content\/uploads\/2025\/01\/RU.jpg 600w, https:\/\/copernicus.gis.is\/homepage\/wp-content\/uploads\/2025\/01\/RU-300x88.jpg 300w\" sizes=\"auto, (max-width: 600px) 100vw, 600px\" \/><\/a><\/figure>\n<\/div>\n\n\n\n<div class=\"wp-block-column is-layout-flow wp-block-column-is-layout-flow\">\n<figure class=\"wp-block-image size-large is-resized wp-duotone-default-filter\"><img loading=\"lazy\" decoding=\"async\" width=\"1024\" height=\"370\" src=\"https:\/\/copernicus.gis.is\/homepage\/wp-content\/uploads\/2025\/01\/PoissonCopernicus_whiteWEBTransparent-1024x370.png\" alt=\"\" class=\"wp-image-889\" style=\"object-fit:contain;width:241px;height:100px\" srcset=\"https:\/\/copernicus.gis.is\/homepage\/wp-content\/uploads\/2025\/01\/PoissonCopernicus_whiteWEBTransparent-1024x370.png 1024w, https:\/\/copernicus.gis.is\/homepage\/wp-content\/uploads\/2025\/01\/PoissonCopernicus_whiteWEBTransparent-300x108.png 300w, https:\/\/copernicus.gis.is\/homepage\/wp-content\/uploads\/2025\/01\/PoissonCopernicus_whiteWEBTransparent-768x277.png 768w, https:\/\/copernicus.gis.is\/homepage\/wp-content\/uploads\/2025\/01\/PoissonCopernicus_whiteWEBTransparent.png 1485w\" sizes=\"auto, (max-width: 1024px) 100vw, 1024px\" \/><\/figure>\n<\/div>\n\n\n\n<div class=\"wp-block-column is-layout-flow wp-block-column-is-layout-flow\">\n<figure class=\"wp-block-image aligncenter size-full is-resized wp-duotone-unset-9\"><img loading=\"lazy\" decoding=\"async\" width=\"8169\" height=\"2362\" src=\"https:\/\/copernicus.gis.is\/homepage\/wp-content\/uploads\/2025\/01\/Mercator-Rectangle-Sans-Fond-Blanc.png\" alt=\"\" class=\"wp-image-892\" style=\"object-fit:contain;width:270px;height:100px\" srcset=\"https:\/\/copernicus.gis.is\/homepage\/wp-content\/uploads\/2025\/01\/Mercator-Rectangle-Sans-Fond-Blanc.png 8169w, https:\/\/copernicus.gis.is\/homepage\/wp-content\/uploads\/2025\/01\/Mercator-Rectangle-Sans-Fond-Blanc-300x87.png 300w, https:\/\/copernicus.gis.is\/homepage\/wp-content\/uploads\/2025\/01\/Mercator-Rectangle-Sans-Fond-Blanc-1024x296.png 1024w, https:\/\/copernicus.gis.is\/homepage\/wp-content\/uploads\/2025\/01\/Mercator-Rectangle-Sans-Fond-Blanc-768x222.png 768w, https:\/\/copernicus.gis.is\/homepage\/wp-content\/uploads\/2025\/01\/Mercator-Rectangle-Sans-Fond-Blanc-1536x444.png 1536w, https:\/\/copernicus.gis.is\/homepage\/wp-content\/uploads\/2025\/01\/Mercator-Rectangle-Sans-Fond-Blanc-2048x592.png 2048w\" sizes=\"auto, (max-width: 8169px) 100vw, 8169px\" \/><\/figure>\n<\/div>\n<\/div>\n\n\n\n<div style=\"height:15px\" aria-hidden=\"true\" class=\"wp-block-spacer\"><\/div>\n\n\n\n<p class=\"has-text-align-center has-x-large-font-size\">Styrktara\u00f0ilar<\/p>\n\n\n\n<div class=\"wp-block-media-text alignwide is-stacked-on-mobile\" style=\"grid-template-columns:28% auto\"><figure class=\"wp-block-media-text__media\"><a href=\"https:\/\/www.copernicus-user-uptake.eu\/\" target=\"_blank\" rel=\" noreferrer noopener\"><img loading=\"lazy\" decoding=\"async\" width=\"1024\" height=\"438\" src=\"https:\/\/copernicus.gis.is\/homepage\/wp-content\/uploads\/2024\/08\/EU-FPCUP-Logo_full_name-1024x438.jpg\" alt=\"\" class=\"wp-image-237 size-full\" srcset=\"https:\/\/copernicus.gis.is\/homepage\/wp-content\/uploads\/2024\/08\/EU-FPCUP-Logo_full_name-1024x438.jpg 1024w, https:\/\/copernicus.gis.is\/homepage\/wp-content\/uploads\/2024\/08\/EU-FPCUP-Logo_full_name-300x128.jpg 300w, https:\/\/copernicus.gis.is\/homepage\/wp-content\/uploads\/2024\/08\/EU-FPCUP-Logo_full_name-768x328.jpg 768w, https:\/\/copernicus.gis.is\/homepage\/wp-content\/uploads\/2024\/08\/EU-FPCUP-Logo_full_name-1536x656.jpg 1536w, https:\/\/copernicus.gis.is\/homepage\/wp-content\/uploads\/2024\/08\/EU-FPCUP-Logo_full_name-2048x875.jpg 2048w\" sizes=\"auto, (max-width: 1024px) 100vw, 1024px\" \/><\/a><\/figure><div class=\"wp-block-media-text__content\">\n<p>\u00deessi vefs\u00ed\u00f0a er studd af Caroline Herschel Rammasamstarfssamningi Evr\u00f3pusambandsins um notendavi\u00f0t\u00f6ku Copernicus samkv\u00e6mt styrktarsamningi nr. FPA 275\/G\/GRO\/COPE\/17\/10042, verkefni FPCUP (Rammasamstarfssamningur um notendavi\u00f0t\u00f6ku Copernicus), A\u00f0ger\u00f0 2020-1-14 \u201cKynning \u00e1 notkun Copernicus \u00e1 \u00cdslandi\u201d.<\/p>\n<\/div><\/div>\n\n\n\n<p><\/p>\n","protected":false},"excerpt":{"rendered":"<p>\u00c1skorun Taktu \u00fe\u00e1tt \u00ed spennandi helgi, 7.\u20139. febr\u00faar 2025, fullri af n\u00fdsk\u00f6pun og samvinnu \u00e1 Hakka\u00feoni Copernicus Ocean 2025! Hakka\u00feoni\u00f0 b\u00fd\u00f0ur upp \u00e1 einstakt t\u00e6kif\u00e6ri til a\u00f0 takast \u00e1 vi\u00f0 raunverulegar \u00e1skoranir me\u00f0 notkun gagna og \u00fej\u00f3nustu fr\u00e1 Copernicus. Hvort sem \u00fe\u00fa ert nemandi, starfar \u00ed sprotafyrirt\u00e6ki e\u00f0a hefur einfaldlega \u00e1huga \u00e1 a\u00f0 \u00fer\u00f3a lausnir, [&hellip;]<\/p>\n","protected":false},"author":2,"featured_media":853,"parent":43,"menu_order":0,"comment_status":"closed","ping_status":"closed","template":"page-large-header","meta":{"footnotes":""},"class_list":["post-888","page","type-page","status-publish","has-post-thumbnail","hentry"],"_links":{"self":[{"href":"https:\/\/copernicus.gis.is\/homepage\/index.php\/wp-json\/wp\/v2\/pages\/888","targetHints":{"allow":["GET"]}}],"collection":[{"href":"https:\/\/copernicus.gis.is\/homepage\/index.php\/wp-json\/wp\/v2\/pages"}],"about":[{"href":"https:\/\/copernicus.gis.is\/homepage\/index.php\/wp-json\/wp\/v2\/types\/page"}],"author":[{"embeddable":true,"href":"https:\/\/copernicus.gis.is\/homepage\/index.php\/wp-json\/wp\/v2\/users\/2"}],"replies":[{"embeddable":true,"href":"https:\/\/copernicus.gis.is\/homepage\/index.php\/wp-json\/wp\/v2\/comments?post=888"}],"version-history":[{"count":9,"href":"https:\/\/copernicus.gis.is\/homepage\/index.php\/wp-json\/wp\/v2\/pages\/888\/revisions"}],"predecessor-version":[{"id":938,"href":"https:\/\/copernicus.gis.is\/homepage\/index.php\/wp-json\/wp\/v2\/pages\/888\/revisions\/938"}],"up":[{"embeddable":true,"href":"https:\/\/copernicus.gis.is\/homepage\/index.php\/wp-json\/wp\/v2\/pages\/43"}],"wp:featuredmedia":[{"embeddable":true,"href":"https:\/\/copernicus.gis.is\/homepage\/index.php\/wp-json\/wp\/v2\/media\/853"}],"wp:attachment":[{"href":"https:\/\/copernicus.gis.is\/homepage\/index.php\/wp-json\/wp\/v2\/media?parent=888"}],"curies":[{"name":"wp","href":"https:\/\/api.w.org\/{rel}","templated":true}]}}